 is s(k)?
-5
Suppose 226*l = 220*l - 204. Let n(y) = y**3 + 32*y**2 - 68*y + 8. Give n(l).
8
Let z(l) be the third derivative of l**5/12 - l**4/24 - l**3/6 - 2818*l**2. Let h(u) = -u**2 - 6*u + 6. Let b be h(-9). Let s be b/9 + 2/6. Determine z(s).
21
Let r(f) = -f**3 + 8*f**2 + 7*f + 16. Let x = -173 + 181. Suppose -26 = -8*u + 5*u - n, n - x = -u. Determine r(u).
-2
Let h(k) = -8*k**2 - k**3 + 33 + 5*k - 31 - 8 + 13*k**2. Give h(3).
27
Let g(p) = p**2 + 2*p - 1. Let y be g(-7). Suppose 35 = 37*n - 76. Let b(l) = -5*l**2 - 5*l**3 + 6 - 27*l + 4*l**n + y*l. What is b(-6)?
0
Let b(j) = -j**3 - 10*j**2 + 12. Suppose -16*t = -48 + 72 + 120. What is b(t)?
-69
Let g(h) = -h**3 - 12*h**2 - h - 10. Suppose -3*k - 4*j = 32, k + 99*j + 9 = 96*j. What is g(k)?
2
Let q be (-3*(-20)/6)/(-1). Let y(l) be the second derivative of -9 + 1/6*l**3 + 2*l + 7*l**2. Calculate y(q).
4
Let s(k) = -k**2 + 4*k - 2. Let b(n) be the second derivative of -n**4/6 + 3*n**3/2 - n**2 + 47*n. Let o(q) = 3*b(q) - 5*s(q). What is o(5)?
14
Let f(r) = r - 6. Suppose 0 = -5*j - 4*a - 1595, -14*j + 10*j - a - 1265 = 0. Let t = -321 - j. Give f(t).
-12
Let h(n) = n**3 - 1. Suppose 0 = -13*d + 5*d - 32. Let w(k) = k**2 + 2*k - 9. Let t be w(d). What is h(t)?
-2
Let u(p) be the first derivative of p**6/120 - p**5/12 + p**4/12 + 2*p**3/3 - 34*p**2 + 120. Let m(y) be the second derivative of u(y). What is m(3)?
-8
Let u(h) = 5*h**2 - h + 1. Suppose 0*z = 4*z - 676. Suppose 5*q + z = -4*d, -165 = 4*d + 5*q - 4*q. Let k = -40 - d. What is u(k)?
5
Let q(k) be the first derivative of -3*k**2/2 - 84*k + 5772. Give q(-28).
0
Let q(r) = 5*r + 20. Let d(m) = 4*m + 19. Let b(a) = -2*a**3 - 11*a**2 - 2*a + 11. Let h be b(-5). Let n(o) = h*d(o) + 3*q(o). Calculate n(-12).
-4
Suppose 26*n + 8*n + 31*n = 0. Let f(p) = -p**3 + p - 8. What is f(n)?
-8
Suppose -3*r = 2*r + 2*q - 20, 0 = q + 5. Let o = -679 + 681. Let m(i) = 8 - i**2 - 5*i + o*i**2 - 10 - 4. Determine m(r).
0
Let j(f) = -f + 28 - f + 6*f. Let l be 4/14 + (-3 - 492/(-42)). Let w(s) = s + 7. Let a(t) = l*w(t) - 2*j(t). Give a(-5).
2
Let p(r) = 1261*r + 10092. Let s be p(-8). Let y(x) = x**3 - 3*x**2 - 10*x + 20. What is y(s)?
-4
Let i(r) = 2*r + 37. Let o(b) = -b - 12. Suppose -3 + 51 = 4*h. Let d be (h/18)/(2/(-6)). Let c(a) = d*i(a) - 7*o(a). Determine c(-7).
-11
Let o(r) = -27*r**2 + 1. Suppose -700 = 5*z + 550. Let g = z + 249. Calculate o(g).
-26
Let i(n) = -2*n**3 - n**2 - n + 1. Let t be 0 + (-2)/(-4) + 4/8. Let a(v) = 5*v**3 + 7*v**2 + 6. Let x(h) = t*a(h) + 2*i(h). What is x(-6)?
-16
Let g(d) = d**3 + d**2 + d + 23. Let b = -9941 + 9941. Determine g(b).
23
Let w(m) be the second derivative of -17*m**3/6 - 35*m**2/2 - 2381*m. What is w(-2)?
-1
Let x(q) = -q**3 + 3*q**2 - 2*q + 2. Let h be x(2). Let d(a) = 305 - a**h - 6*a - 316 + 20*a. Calculate d(13).
2
Let w(f) = f**3 - f**2 - 9. Let z be (-13)/(-2) + 4/(-8) + 4. Suppose -25*x = -13*x - z*x. What is w(x)?
-9
Let a(u) = -11*u**2 - 8*u - 10. Let w(f) = 9*f**2 + 7*f + 8. Let c(v) = -5*a(v) - 6*w(v). Let l = -6 - -9. What is c(l)?
5
Suppose 0 = c + 3*f - 6, -2*c - 5 = -3*f - 17. Let d(j) = -j**2 - j + 5. Let b(q) = q**2 - 5. Let i(r) = c*d(r) + 5*b(r). What is i(-7)?
-2
Let k(s) = -s**3 + 14*s**2 - 11*s - 19. Let g(i) = -i**3 - 15*i**2 + 37*i + 64. Let b be g(-17). Let d be (-5 + 5 - b)*-1. What is k(d)?
7
Suppose 607 + 296 = -97*j + 30. Let f(r) = -r**3 - 9*r**2 - r - 8. Give f(j).
1
Let w(r) = -8*r + 5. Let c(l) = -l**3 - 4*l**2 + 4*l + 22. Let x be c(-2). Give w(x).
-43
Let q(p) be the second derivative of -p**4/12 + 7*p**3/6 - 9*p**2/2 + 3045*p. Let g(v) = -v**3 + 9*v**2 - 13*v. Let f be g(7). Calculate q(f).
-9
Let k(s) = 2*s + 5. Let a be 447/9*3*1. Let d = a + -155. Determine k(d).
-7
Let o(r) = -r**3 - 10*r**2 + 6. Let q be -35*((-976)/112 - -9). Give o(q).
6
Let i(o) be the third derivative of -o**6/120 - o**5/20 + o**4/8 - o**3/6 - 2*o**2 - 210*o. What is i(2)?
-15
Let m(n) = -9*n - 1. Suppose 0 = 39*d - 337 - 287. Suppose -28*w - 44 = d*w. What is m(w)?
8
Let t(v) = 4*v**2 - 2*v - 2. Let j = -1023 + 1021. Calculate t(j).
18
Let o(s) = 16*s + 509. Let z(u) = 7*u + 172. Let j(b) = -3*o(b) + 8*z(b). Calculate j(19).
1
Let a(j) = -j - 22. Let c be (1 - 2/6)/(1/(-15)). Let h be a(c). Let p = h - -12. Let s(u) = -u**2 - u - 1. Give s(p).
-1
Let o(y) = -7*y**2 + 9*y. Let n(x) be the first derivative of -2*x**3/3 + x**2 - 55. Let h(l) = 18*n(l) - 4*o(l). Calculate h(-1).
-8
Let a(z) be the first derivative of -z**4/4 - 7*z**3/3 - 15*z**2/2 - 101*z + 796. What is a(-7)?
4
Let s(j) = -2*j**2 - 9*j + 20. Let u(y) = -y**2 - 5*y + 10. Let m(k) = -2*s(k) + 5*u(k). Suppose 43397 = 2*d + 43415. Calculate m(d).
-8
Let x(p) = -p + 15. Suppose -115 = -7*i - 10. Let o be x(i). Let t(c) = c**2 + c + 2. Give t(o).
2
Let h(o) = o. Let z(l) = -l**2 + 3*l + 14. Let t = 14 - 15. Let g(i) = t*z(i) + 4*h(i). Let a = 26 + -26. What is g(a)?
-14
Let y(f) be the first derivative of 7*f**4/4 - 16*f**3 - 11*f**2/2 + 21*f + 13688. Give y(7).
-7
Suppose -2*q = 3*x + 669 - 657, -2*q = -x + 20. Let m(u) = -14*u - 29. Determine m(q).
97
Let s(w) = -w**3 - 15*w**2 + 5*w + 8. Let b(l) = -9 - 4*l**2 + 2547*l**3 + 18*l**2 - 2546*l**3 - 4*l. Let c(k) = 4*b(k) + 3*s(k). Determine c(-11).
-1
Let o(a) be the first derivative of -a**4/4 + 25*a**3/3 + 14*a**2 - 59*a - 3286. Give o(26).
-7
Let d(v) = 8*v**2 + 2*v + 1. Let p(i) = 7*i**2 + 2*i + 1. Let x(c) = 6*d(c) - 7*p(c). Let j(k) = 2*k**2 - 908*k + 101598. Let r be j(200). Calculate x(r).
-1
Let j(t) be the third derivative of 157*t**2 + 1/10*t**5 - 1/6*t**3 + 0*t + 0 - 1/12*t**4. What is j(-2)?
27
Let y(m) be the third derivative of 49*m**2 + 0*m + 1/60*m**5 + 0 + 3/8*m**4 + 2/3*m**3. Give y(-8).
-4
Let x(l) = 5 - l + l**2 - 7*l**2 + 1 + 5*l**2. Let m = 79 - 25. Let o = 54 - m. Give x(o).
6
Let o(l) = 6*l - 6. Let q be o(5). Suppose -5*n - 3*n = -q. Let s(w) = 5 - 6 - 2*w - n*w**3 + 0. Give s(-1).
4
Let x = -43 - -35. Let b(r) = -r**3 - 7*r**2 + 8*r + 1. Let i be b(x). Let q(l) = 4*l**2 + 2*l - 1. Calculate q(i).
5
Let r(k) = k - 3. Suppose z + 17 = 3*p, p - 22 = 5*z + 7. Suppose 30 = 3*b - p*m + 3, -5*m = 15. Calculate r(b).
2
Let g(a) = -19*a**2 + 6*a + 24. Let z(x) = -24*x**2 + 7*x + 29. Let c(f) = -5*g(f) + 4*z(f). Let q(t) = -t + 19. Let s be q(13). Give c(s).
-52
Let l(s) = -s**2 + 2*s. Let i(h) = -h**2 + h. Suppose 70 = 23*v - 22. Let z(q) = v*l(q) - 5*i(q). What is z(-6)?
18
Let l(a) be the third derivative of a**4/12 - 3*a**3/2 + a**2. Suppose -43*f = -50*f - 301. Let z = 50 + f. What is l(z)?
5
Let h(v) = 11*v**2 + v + 1. Suppose -157*y + 433 - 119 = 0. Calculate h(y).
47
Let d = 11094 + -11071. Let s(c) = -c**3 + 24*c**2 - 22*c + 16. What is s(d)?
39
Let a(r) = 28*r + 77. Let d = -9488 + 9485. Determine a(d).
-7
Let q(o) = 282 + 240 - o - 662 + 5*o. Determine q(27).
-32
Let j(x) = -x**3 + 6*x**2 + 8*x + 1. Suppose 0 = -4*m + m + 5*b - 108, -5*b = 0. Suppose 14*r - 4*r = 430. Let w = r + m. What is j(w)?
8
Let q(w) be the third derivative of w**7/2520 + w**6/120 - w**5/120 + 43*w**4/12 - 94*w**2. Let u(m) be the second derivative of q(m). Give u(-3).
-10
Suppose -4 = 4*l + k + k, 4*l + 20 = 2*k. Let p(g) be the first derivative of -g**3/3 + g**2 - 4*g + 117. Give p(l).
-19
Let c be 2/13 + (-324)/78 - 27. Let y = -32 - c. Let z(i) = -13*i**2. Determine z(y).
-13
Suppose -10*l - 9 = -13*l. Let c(g) = 2*g - g**3 - l*g + 32*g**2 - 6 + 4*g - 27*g**2. Suppose 11 = 3*k + 2*v, 2 = -0*v - v. What is c(k)?
9
Let l(x) be the second derivative of -x**3/6 - 2*x**2 - x. Let g be -4 + (23/(-115) - (-148)/(-10)). Let y = 16 + g. Give l(y).
-1
Suppose 0 = 2*n - 65 - 67. Let p = n - 57. Let t(o) = 23 + 3*o**2 - 43 - 2*o**2 + 32 - 11*o. Determine t(p).
-6
Let g be (-4)/(1782/(-126) - -14). Let o(t) be the first derivative of -4*t**2 + 1/3*t**3 + t + g. Determine o(5).
-14
Let x(l) = -65*l - 59*l + 18 + 120*l. Let z(t) = 5*t - 20. Let p(m) = 4*x(m) + 3*z(m). Suppose -34 = -4*a - 2*b, 0 = -5*a + 3*b + 2*b + 50. Determine p(a).
3
Let v(n) = -n + 14. Suppose -3*c + 25 = 4*f, 5 = -5*c + 4*c. Let t be v(f). Let o(a) = -a - 21 + 0*a - 18 + 35. What is o(t)?
-8
Let x(h) = -53*h + 169. Let s(v) = 19*v - 58. Let i(t) = -17*s(t) - 6*x(t). Calculate i(9).
-73
Let a(l) = -4*l**2 - 1